94?
4
What is the hundreds digit of 27847?
8
What is the hundreds digit of 3579?
5
What is the ten thousands digit of 44202?
4
What is the hundreds digit of 5711?
7
What is the units digit of 3386?
6
What is the tens digit of 126180?
8
What is the tens digit of 739?
3
What is the thousands digit of 91235?
1
What is the hundreds digit of 5343?
3
What is the hundreds digit of 85733?
7
What is the units digit of 297?
7
What is the tens digit of 44704?
0
What is the hundreds digit of 6077?
0
What is the units digit of 1067?
7
What is the thousands digit of 31762?
1
What is the hundreds digit of 5961?
9
What is the thousands digit of 6387?
6
What is the hundreds digit of 2716?
7
What is the hundreds digit of 210?
2
What is the tens digit of 15721?
2
What is the tens digit of 963?
6
What is the thousands digit of 2078?
2
What is the hundreds digit of 86123?
1
What is the thousands digit of 7239?
7
What is the tens digit of 404?
0
What is the units digit of 1024?
4
What is the thousands digit of 29114?
9
What is the tens digit of 1058?
5
What is the hundreds digit of 15118?
1
What is the tens digit of 1022?
2
What is the thousands digit of 1440?
1
What is the hundreds digit of 407?
4
What is the ten thousands digit of 15494?
1
What is the units digit of 644?
4
What is the units digit of 86272?
2
What is the units digit of 2341?
1
What is the units digit of 986?
6
What is the thousands digit of 11342?
1
What is the units digit of 1258?
8
What is the hundreds digit of 6319?
3
What is the hundreds digit of 1151?
1
What is the thousands digit of 2993?
2
What is the tens digit of 1488?
8
What is the hundreds digit of 1256?
2
What is the hundreds digit of 3733?
7
What is the tens digit of 18185?
8
What is the hundreds digit of 4833?
8
What is the tens digit of 152243?
4
What is the units digit of 70791?
1
What is the tens digit of 116253?
5
What is the hundreds digit of 2587?
5
What is the tens digit of 69968?
6
What is the units digit of 322?
2
What is the ten thousands digit of 11047?
1
What is the thousands digit of 1868?
1
What is the units digit of 1777?
7
What is the units digit of 2525?
5
What is the ten thousands digit of 10597?
1
What is the units digit of 1307?
7
What is the tens digit of 7709?
0
What is the hundreds digit of 1120?
1
What is the units digit of 13377?
7
What is the tens digit of 247?
4
What is the tens digit of 9732?
3
What is the ten thousands digit of 15565?
1
What is the units digit of 1617?
7
What is the thousands digit of 102558?
2
What is the thousands digit of 3418?
3
What is the tens digit of 2232?
3
What is the thousands digit of 36641?
6
What is the hundreds digit of 928?
9
What is the units digit of 1669?
9
What is the tens digit of 24464?
6
What is the thousands digit of 4299?
4
What is the thousands digit of 82807?
2
What is the hundreds digit of 1020?
0
What is the units digit of 160?
0
What is the tens digit of 1230?
3
What is the ten thousands digit of 64670?
6
What is the thousands digit of 20139?
0
What is the units digit of 35?
5
What is the thousands digit of 1202?
1
What is the thousands digit of 36904?
6
What is the units digit of 106088?
8
What is the thousands digit of 7430?
7
What is the thousands digit of 1629?
1
What is the tens digit of 809?
0
What is the ten thousands digit of 82400?
8
What is the units digit of 100?
0
What is the units digit of 4788?
8
What is the hundreds digit of 2693?
6
What is the units digit of 752?
2
What is the thousands digit of 7859?
7
What is the hundreds digit of 3968?
9
What is the tens digit of 3646?
4
What is the units digit of 16458?
8
What is the tens digit of 6288?
8
What is the hundreds digit of 33163?
1
What is the units digit of 391?
1
What is the hundreds digit of 2948?
9
What is the units digit of 16257?
7
What is the hundreds digit of 709?
7
What is the tens digit of 4871?
7
What is the tens digit of 5120?
2
What is the thousands digit of 25315?
5
What is the thousands digit of 74428?
4
What is the thousands digit of 1063?
1
What is the units digit of 9805?
5
What is the hundreds digit of 4759?
7
What is the tens digit of 357?
5
What is the tens digit of 680?
8
What is the hundreds digit of 594?
5
What is the hundreds digit of 1459?
4
What is the hundreds digit of 110?
1
What is the ten thousands digit of 10111?
1
What is the hundreds digit of 1630?
6
What is the thousands digit of 1908?
1
What is the thousands digit of 3055?
3
What is the units digit of 4?
4
What is the tens digit of 66139?
3
What is the ten thousands digit of 106955?
0
What is the tens digit of 1328?
2
What is the hundreds digit of 2651?
6
What is the hundreds digit of 776?
7
What is the tens digit of 7709?
0
What is the hundreds digit of 2931?
9
What is the tens digit of 37172?
7
What is the tens digit of 642?
4
What is the tens digit of 4560?
6
What is the tens digit of 5990?
9
What is the tens digit of 48638?
3
What is the units digit of 305?
5
What is the thousands digit of 36620?
6
What is the hundreds digit of 2477?
4
What is the tens digit of 6279?
7
What is the hundreds digit of 1752?
7
What is the units digit of 303?
3
What is the units digit of 201?
1
What is the hundreds digit of 2909?
9
What is the tens digit of 5926?
2
What is the hundreds digit of 4385?
3
What is the ten thousands digit of 135818?
3
What is the tens digit of 35918?
1
What is the tens digit of 4592?
9
What is the thousands digit of 20349?
0
What is the tens digit of 246?
4
What is the hundreds digit of 10676?
6
What is the units digit of 2644?
4
What is the units digit of 46174?
4
What is the tens digit of 62?
6
What is the units digit of 2960?
0
What is the ten thousands digit of 23771?
2
What is the hundreds digit of 1288?
2
What is the thousands digit of 99805?
9
What is the tens digit of 107?
0
What is the units digit of 37930?
0
What is the tens digit of 929?
2
What is the tens digit of 5339?
3
What is the tens digit of 2551?
5
What is the units digit of 2767?
7
What is the tens digit of 2677?
7
What is the tens digit of 13447?
4
What is the ten thousands digit of 16845?
1
What is the tens digit of 1368?
6
What is the units digit of 12314?
4
What is the tens digit of 514?
1
What is the hundreds digit of 15007?
0
What is the thousands digit of 176680?
6
What is the tens digit of 1775?
7
What is the hundred thousands digit of 103026?
1
What is the thousands digit of 5811?
5
What is the thousands digit of 106929?
6
What is the ten thousands digit of 78796?
7
What is the thousands digit of 5379?
5
What is the units digit of 212?
2
What is the hundreds digit of 115?
1
What is the hundreds digit of 14488?
4
What is the tens digit of 11963?
6
What is the tens digit of 17950?
5
What is the units digit of 1058?
8
What is the ten thousands digit of 16815?
1
What is the thousands digit of 3049?
3
What is the tens digit of 4290?
9
What is the units digit of 50179?
9
What is the hundreds digit of 117?
1
What is the thousands digit of 1063?
1
What is the thousands digit of 14608?
4
What is the tens digit of 2939?
3
What is the tens digit of 5030?
3
What is the thousands digit of 36658?
6
What is the units digit of 745?
5
What is the ten thousands digit of 48475?
4
What is the hundreds digit of 543?
5
What is the tens digit of 127063?
6
What is the tens digit of 1972?
7
What is the hundreds digit of 960?
9
What is the units digit of 27562?
2
What is the hundreds digit of 2334?
3
What is the thousands digit of 13027?
3
What is the thousands digit of 42925?
2
What is the units digit of 4011?
1
What is the tens digit of 5667?
6
What is the units digit of 5213?
3
What is the thousands digit of 23125?
3
What is the tens digit of 2992?
9
What is the ten thousands digit of 14801?
1
What is the tens digit of 2780?
8
What is the tens digit of 4353?
5
What is the thousands digit of 2013?
2
What is the units digit of 57372?
2
What is the ten thousands digit of 31130?
3
What is the thousands digit of 2469?
2
What is the tens digit of 505?
0
What is the hundreds digit of 5210?
2
What is the hundreds digit of 821?
8
What is the tens digit of 32145?
4
What is the tens digit of 5765?
6
What is the thousands digit of 5142?
5
What is the hundreds digit of 3119?
1
What is the ten thousands digit of 24335?
2
What is the units digit of 122